5) to base 10
3224
Convert 1c2 (base 13) to base 3.
110010
What is 110011011100001 (base 2) in base 7?
136533
What is -1101011010 (base 2) in base 16?
-35a
Convert 8979 (base 10) to base 13.
4119
What is 3b9 (base 13) in base 7?
1631
What is -21524 (base 6) in base 4?
-232330
What is 53a4 (base 15) in base 4?
10110220
Convert -536 (base 9) to base 5.
-3223
What is -11141 (base 5) in base 12?
-564
What is 1536 (base 8) in base 16?
35e
14ac5 (base 14) to base 3
2121200100
Convert 1100000 (base 2) to base 4.
1200
-2462 (base 7) to base 15
-41b
What is -b160 (base 12) in base 6?
-225000
848 (base 12) to base 16
4b8
c31 (base 13) to base 3
2211121
272 (base 13) to base 8
657
Convert 9936 (base 12) to base 15.
5010
452 (base 16) to base 8
2122
What is 1587 (base 15) in base 4?
1020103
Convert 455 (base 7) to base 11.
1a5
Convert -267 (base 10) to base 5.
-2032
-12001202 (base 3) to base 4
-321230
Convert 2248 (base 10) to base 16.
8c8
What is 183 (base 10) in base 11?
157
What is 302646 (base 7) in base 10?
51435
-2111222122 (base 3) to base 16
-c19a
Convert -1110101101001100 (base 2) to base 5.
-3411421
What is -111100100001 (base 2) in base 15?
-1233
Convert -90 (base 12) to base 11.
-99
Convert -3324 (base 5) to base 9.
-565
What is 2053 (base 6) in base 7?
1233
What is -3085 (base 9) in base 5?
-33024
2646 (base 7) to base 3
1101120
Convert -121202 (base 3) to base 6.
-2032
Convert -2112400 (base 5) to base 10.
-35350
-44763 (base 8) to base 5
-1101211
-3d (base 14) to base 9
-61
-3116 (base 8) to base 7
-4464
1211212102 (base 3) to base 5
2130403
Convert -382 (base 11) to base 15.
-203
43230 (base 6) to base 4
1130202
Convert -12817 (base 11) to base 16.
-4771
Convert -2522 (base 7) to base 6.
-4215
What is 23211 (base 6) in base 5?
101234
Convert -47a (base 13) to base 6.
-3333
-100111101111010 (base 2) to base 5
-1122341
What is 15 (base 9) in base 6?
22
Convert -131321 (base 4) to base 11.
-148a
-2318 (base 10) to base 8
-4416
-13178 (base 9) to base 5
-241100
What is 4150 (base 9) in base 16?
be2
Convert 78c (base 14) to base 4.
113120
What is -146 (base 16) in base 2?
-101000110
What is -1acb (base 14) in base 7?
-20144
What is -85d (base 16) in base 9?
-2838
111033 (base 8) to base 13
14042
-531 (base 15) to base 6
-5231
-c0 (base 13) to base 3
-12210
Convert 4122 (base 6) to base 11.
761
-7253 (base 11) to base 6
-112305
512 (base 9) to base 3
120102
Convert 1281 (base 14) to base 13.
162c
What is -1138 (base 10) in base 8?
-2162
Convert 251a (base 12) to base 16.
1066
What is -71346 (base 8) in base 5?
-1420124
b (base 13) to base 4
23
Convert 201110 (base 4) to base 5.
32012
8271 (base 10) to base 3
102100100
What is 12464 (base 11) in base 8?
42701
722 (base 8) to base 9
567
What is -6 (base 13) in base 9?
-6
What is 40671 (base 8) in base 7?
100024
What is 23a (base 16) in base 8?
1072
What is -8231 (base 10) in base 4?
-2000213
30021 (base 4) to base 6
3333
239 (base 15) to base 8
770
What is -1001101100 (base 2) in base 16?
-26c
What is -10205 (base 6) in base 3?
-1212212
What is -6028 (base 11) in base 4?
-1331100
Convert -92 (base 14) to base 4.
-2000
-1010001001010 (base 2) to base 5
-131234
-12240 (base 8) to base 13
-2532
What is 131544 (base 8) in base 2?
1011001101100100
Convert 10032210 (base 4) to base 2.
100001110100100
-18104 (base 10) to base 4
-10122320
549 (base 15) to base 14
614
What is 24721 (base 10) in base 16?
6091
Convert -214344 (base 5) to base 12.
-43aa
2669 (base 12) to base 16
1131
Convert 4514 (base 8) to base 7.
6640
Convert -100020 (base 4) to base 9.
-1366
What is -1314 (base 6) in base 15?
-174
What is -113042 (base 7) in base 10?
-20267
What is 2323 (base 6) in base 3?
202120
What is 1912 (base 12) in base 7?
11600
1c7 (base 13) to base 14
19a
3a2 (base 13) to base 3
212200
Convert -11111110110 (base 2) to base 16.
-7f6
Convert -14012 (base 5) to base 10.
-1132
2100210211 (base 3) to base 4
23112310
5124 (base 6) to base 9
1487
What is 1ff4 (base 16) in base 8?
17764
Convert -202012201 (base 3) to base 4.
-3212032
Convert -955 (base 11) to base 12.
-7b9
Convert -cdc (base 14) to base 4.
-213302
What is -1314200 (base 5) in base 2?
-110011000111111
112220 (base 4) to base 12
a08
Convert 546b (base 13) to base 8.
26746
What is 1111000102 (base 3) in base 14?
a8b9
What is -31253 (base 6) in base 7?
-15162
-2170 (base 8) to base 12
-7b4
125054 (base 6) to base 15
3607
-589 (base 13) to base 3
-1022111
What is 24a (base 16) in base 14?
2dc
Convert 230441 (base 6) to base 15.
5c24
-2362 (base 16) to base 2
-10001101100010
What is -14718 (base 11) in base 5?
-1131311
Convert -22105 (base 6) to base 10.
-3065
Convert 110001011100011 (base 2) to base 15.
777a
Convert -3b (base 14) to base 2.
-110101
-2200011 (base 3) to base 8
-3634
What is -25640 (base 7) in base 3?
-100101022
What is -15297 (base 11) in base 2?
-101010010001100
Convert -1000001111 (base 2) to base 16.
-20f
Convert -415 (base 11) to base 2.
-111110100
What is 65a (base 11) in base 8?
1427
12302 (base 6) to base 10
1838
11a8 (base 16) to base 10
4520
What is -15b (base 13) in base 3?
-100002
What is 1ca4 (base 14) in base 16?
1478
What is -324 (base 6) in base 14?
-8c
32140 (base 7) to base 13
381a
Convert 200 (base 5) to base 13.
3b
21001121 (base 3) to base 4
1100122
Convert -6000 (base 8) to base 3.
-11012210
70 (base 10) to base 5
240
What is 5248 (base 10) in base 7?
21205
What is -2341031 (base 5) in base 9?
-65313
111423 (base 5) to base 15
12ad
What is -1152 (base 12) in base 6?
-12542
Convert 16435 (base 14) to base 11.
38947
-3301232 (base 4) to base 14
-58d0
4c63 (base 14) to base 6
142035
What is 1100011011 (base 2) in base 11?
663
-110001101000 (base 2) to base 16
-c68
Convert -4142 (base 5) to base 7.
-1411
-43162 (base 8) to base 3
-220201221
33356 (base 11) to base 5
3021330
What is 1295 (base 10) in base 15?
5b5
Convert 1769 (base 11) to base 3.
10002110
What is -684 (base 12) in base 9?
-1281
Convert -621 (base 8) to base 4.
-12101
-20020102 (base 3) to base 15
-1532
Convert 1101100111 (base 2) to base 16.
367
What is 44 (base 6) in base 9?
31
Convert 1225 (base 11) to base 8.
3100
What is -1227 (base 12) in base 3?
-2210211
Convert -1100220 (base 4) to base 6.
-35520
What is -65234 (base 7) in base 13?
-7517
What is 344 (base 6) in base 2?
10001000
210 (base 5) to base 16
37
220232 (base 4) to base 12
1612
31f (base 16) to base 15
384
Convert -10330 (base 5) to base 3.
-222111
What is -301134 (base 5) in base 16?
-2548
What is -3ab (base 13) in base 7?
-1614
What is -2a9 (base 15) in base 14?
-317
-6324 (base 14) to base 16
-42bc
-433 (base 6) to base 10
-165
What is 27321 (base 8) in base 16?
2ed1
What is 631 (base 9) in base 5?
4024
Convert ba7 (base 12) to base 11.
1316
What is -10100100100 (base 2) in base 10?
-1316
Convert -277 (base 15) to base 11.
-471
Convert -1120 (base 7) to base 6.
-1514
27a (base 16) to base 11
527
Convert 2c1b (base 14) to base 15.
24e5
What is e75 (base 16) in base 14?
14c5
Convert 1887 (base 9) to base 16.
5b0
Convert 1021012 (base 3) to base 9.
1235
-202302 (base 4) to base 8
-4262
Convert -8a1 (base 12) to base 2.
-10011111001
What is 244414 (base 7) in base 12?
21b11
-7117 (base 13) to base 2
-11110011010000
Convert -100211 (base 3) to base 11.
-221
Convert 5a30 (base 11) to base 7.
32012
What is -12035 (base 7) in base 8?
-6051
-207 (base 16) to base 12
-373
Convert -482 (base 12) to base 4.
-22202
Convert -17300 (base 8) to base 5.
-222442
What is 1212 (base 5) in base 15?
c2
What is 238b (base 15) in base 7?
31013
What is 1348 (base 9) in base 16?
3f8
What is 332 (base 16) in base 11?
684
Convert 3243 (base 5) to base 13.
286
Convert -a919 (base 16) to base 10.
-43289
Convert -6124 (base 12) to base 3.
-112110101
What is -2022 (base 3) in base 5?
-222
5042 (base 10) to base 6
35202
What is 13345 (base 7) in base 4?
320122
Convert -4013 (base 10) to base 7.
-14462
What is 2401 (base 6) in base 4?
21001
What is -14452 (base 6) in base 15?
-a5b
What is 2861 (base 11) in base 10?
3697
What is 419 (base 12) in base 11?
4a3
What is 110200 (base 3) in base 10?
342
What is -4176 (base 8) in base 7?
-6224
-2344 (base 7) to base 11
-717
Convert 1df (base 16) to base 11.
3a6
What is -23 (base